 base 16, what is -6f4 + -82?
-776
In base 10, what is -120 + 259?
139
In base 4, what is -121 + 22132?
22011
In base 7, what is -1265 - 164?
-1462
In base 11, what is 73477 - -28?
734a4
In base 11, what is -4 - 1172a?
-11733
In base 4, what is -10 + 10020232130?
10020232120
In base 2, what is 10111000 + 100111010010000?
100111101001000
In base 5, what is -10220043 - 2?
-10220100
In base 7, what is -3323042 - 10?
-3323052
In base 12, what is -665 + 644?
-21
In base 14, what is -6977 - -3?
-6974
In base 10, what is 2458 - -141?
2599
In base 10, what is -1182 + 131?
-1051
In base 6, what is 151 - -340421?
341012
In base 3, what is 1 - -10221220101121?
10221220101122
In base 4, what is 3000 + -203122?
-200122
In base 12, what is 728 - -24?
750
In base 14, what is 96688 + -2?
96686
In base 4, what is 3 - 13123232?
-13123223
In base 16, what is a - 2d4?
-2ca
In base 3, what is 2 - 1021102110021?
-1021102110012
In base 15, what is 7bb + 2d?
7e9
In base 10, what is 5 - -67913?
67918
In base 14, what is 25 - -4c2?
507
In base 2, what is -10 + -11000011000100?
-11000011000110
In base 11, what is 3213 - 0?
3213
In base 15, what is -1a04 - -3?
-1a01
In base 10, what is -251142 - 5?
-251147
In base 13, what is 4ba5 + -5?
4ba0
In base 16, what is -2e - -70e?
6e0
In base 13, what is c + 734a5?
734b4
In base 3, what is 11 - -220112011?
220112022
In base 2, what is 101 - 1101100110001?
-1101100101100
In base 9, what is 8 - 33054?
-33045
In base 14, what is 7c46 - 5?
7c41
In base 15, what is 4b + -a4?
-58
In base 4, what is 2220102101 + 10?
2220102111
In base 15, what is 465 - 6?
45e
In base 6, what is 1 - -325?
330
In base 10, what is -570 - -5?
-565
In base 8, what is 11 + 363112?
363123
In base 8, what is -3 + 200307?
200304
In base 12, what is 3 - -9b84?
9b87
In base 10, what is 2974 + 24?
2998
In base 12, what is -44ba0b - 5?
-44ba14
In base 7, what is -132216 + 50?
-132136
In base 11, what is 19a + -167?
33
In base 14, what is 0 - -4b30?
4b30
In base 5, what is -3 + 3434?
3431
In base 6, what is -3215 + 2532?
-243
In base 11, what is 203621 - 4?
203618
In base 6, what is -2 + 15215352?
15215350
In base 2, what is 0 + -11101101000010?
-11101101000010
In base 16, what is -2816ff - -5?
-2816fa
In base 9, what is -677 - -3415?
2627
In base 11, what is 321a - 15?
3205
In base 9, what is 581718 - -13?
581732
In base 5, what is -2 + 1132241?
1132234
In base 5, what is -3 - 10241300?
-10241303
In base 2, what is -10 - 100101101111101010?
-100101101111101100
In base 13, what is -4 + -3c57?
-3c5b
In base 16, what is -3 + 1e7c88?
1e7c85
In base 7, what is -555251 + 2?
-555246
In base 16, what is 1e1 - 485?
-2a4
In base 6, what is -2342 - -133?
-2205
In base 6, what is 210 + 35024?
35234
In base 4, what is 222 - -21210?
22032
In base 5, what is 2204 - 223?
1431
In base 13, what is -38962 + 3?
-3895c
In base 2, what is -1111011101 + 10101001?
-1100110100
In base 5, what is 424 + 14431?
20410
In base 15, what is -1 + -37257?
-37258
In base 3, what is -220100112220 + -11?
-220100120001
In base 12, what is -88 - -299?
211
In base 4, what is -12 + 3121200123?
3121200111
In base 2, what is 100001110001100 - -1000001?
100001111001101
In base 9, what is 1 + -247553?
-247552
In base 10, what is -27 - -20585?
20558
In base 6, what is -31135 - 4?
-31143
In base 8, what is 10 - -2175730?
2175740
In base 16, what is -4 + -1a84?
-1a88
In base 8, what is 1116 + 331?
1447
In base 13, what is c + -41c2?
-41b3
In base 14, what is a6d + -ad?
9a0
In base 2, what is -10100000111110111 + -11?
-10100000111111010
In base 7, what is 1020311 + 30?
1020341
In base 14, what is 286b3 - 4?
286ad
In base 2, what is -10 - 101100110000001?
-101100110000011
In base 15, what is -1db3b1 - 4?
-1db3b5
In base 5, what is 110 + -20440?
-20330
In base 13, what is 1bc - a4?
118
In base 7, what is 22664532 - 4?
22664525
In base 7, what is -142030 + 0?
-142030
In base 6, what is -12241420 - 2?
-12241422
In base 8, what is -7206624 + 5?
-7206617
In base 6, what is -240142 + -220?
-240402
In base 16, what is -48d173 - 5?
-48d178
In base 8, what is -36 + -12426?
-12464
In base 8, what is 46 - -20632?
20700
In base 3, what is 10000001021 + 1101?
10000002122
In base 11, what is -138 - 222?
-35a
In base 14, what is -c722 + 3?
-c71d
In base 7, what is 5 + -134506?
-134501
In base 14, what is 35814 + -5?
3580d
In base 9, what is -5 + 12073?
12067
In base 10, what is 4 + -133262?
-133258
In base 9, what is 4 + 62430?
62434
In base 14, what is -2827 - 4?
-282b
In base 12, what is a2 + 16a6?
1788
In base 11, what is 3 - 79458?
-79455
In base 5, what is -204 + 333?
124
In base 12, what is b8 + 939?
a35
In base 2, what is 10100 - -100000000011110?
100000000110010
In base 15, what is 5766 + 5?
576b
In base 10, what is -1774 + 43?
-1731
In base 13, what is 3 - 32a5?
-32a2
In base 4, what is -12 + -22222220?
-22222232
In base 3, what is -21221012 - 20211?
-22012000
In base 9, what is -1 - 1403011?
-1403012
In base 11, what is -5471 - -2?
-546a
In base 12, what is 4 - 4a80?
-4a78
In base 14, what is a - 96288?
-9627c
In base 15, what is d + 241a?
2428
In base 2, what is 100001011001110 + -1010?
100001011000100
In base 7, what is -34311 - 10?
-34321
In base 9, what is 16132 + 131?
16263
In base 9, what is -348 - -111?
-237
In base 2, what is 11010001001000 + 10001?
11010001011001
In base 14, what is 5 + -187d?
-1878
In base 13, what is -8 + 11b2a?
11b22
In base 12, what is -44750 - 0?
-44750
In base 8, what is 1501 + -22?
1457
In base 16, what is 0 + e7dc6?
e7dc6
In base 11, what is 15288 - 1?
15287
In base 13, what is -248c9 + 8?
-248c1
In base 7, what is 112601 + -10?
112561
In base 10, what is 329673 + 3?
329676
In base 9, what is -5 + -22273?
-22278
In base 8, what is 426040 + 4?
426044
In base 4, what is -13 + 2311023212?
2311023133
In base 10, what is 101319 - 2?
101317
In base 3, what is 10 - 11010000102?
-11010000022
In base 16, what is 375 - -d?
382
In base 14, what is 7195 + -1?
7194
In base 14, what is 5200 - -5?
5205
In base 13, what is 5911ca + 5?
591202
In base 2, what is 110 - -111010111101?
111011000011
In base 16, what is 4a + -26d?
-223
In base 7, what is 2116 + -22466?
-20350
In base 12, what is -3 - 70b34?
-70b37
In base 11, what is -48 + 1865?
1818
In base 6, what is -100400 + -1?
-100401
In base 7, what is 0 - 1301155?
-1301155
In base 7, what is 11 + -33221?
-33210
In base 12, what is 66 + 58?
102
In base 2, what is -1001001001100100000100 - 100?
-1001001001100100001000
In base 12, what is 0 - 342a11?
-342a11
In base 7, what is -51346 + 4?
-51342
In base 16, what is 93b83 + 0?
93b83
In base 10, what is -7 + -94393?
-94400
In base 2, what is -1001100000 - 110000101111?
-111010001111
In base 14, what is 3 + 630c3?
630c6
In base 11, what is -32 - 686?
-708
In base 11, what is -198169 + -4?
-198172
In base 12, what is -24bbb - 15?
-25014
In base 7, what is 1 - -15340?
15341
In base 9, what is 2 + -26705?
-26703
In base 8, what is 123 + -1704?
-1561
In base 2, what is 0 + 1111011011100010?
1111011011100010
In base 9, what is 28 + -3307?
-3268
In base 9, what is -137342 - -43?
-137288
In base 8, what is -2146 + -1343?
-3511
In base 8, what is 1 + -17055?
-17054
In base 15, what is 3 - 31e8?
-31e5
In base 9, what is -173562 - -5?
-173556
In base 10, what is 732 + 11?
743
In base 4, what is 12 - -322201?
322213
In base 2, what is -1100100000011 - 101101?
-1100100110000
In base 4, what is 13 - 203200?
-203121
In base 15, what is 1 + 590eb?
590ec
In base 13, what is 781 - 12b?
653
In base 13, what is -1 - 39c51?
-39c52
In base 2, what is 100000010010 - -10101110?
100011000000
In base 16, what is -28 - -7a?
52
In base 8, what is 11736 - -251?
12207
In base 7, what is 65 - -33054?
33152
In base 9, what is -1321 - -4?
-1316
In base 12, what is 37282 - 0?
37282
In base 4, what is 20103220 - 301?
20102313
In base 15, what is 6c - -121?
18d
In base 16, what is -12407 - -3?
-12404
In base 6, what is -5 + 200033?
200024
In base 16, what is -827d4 - -3?
-827d1
In base 5, what is -10 + 2000203?
2000143
In base 16, what is -3 - 5811a?
-5811d
In base 6, what is -1543 + 13045?
11102
In base 5, what is 10 - 1331120?
-1331110
In base 3, what is 11122020 - 1?
11122012
In base 9, what is -42276 + 4?
-42272
In base 10, what is